{"id":518,"date":"2025-03-16T14:42:43","date_gmt":"2025-03-16T14:42:43","guid":{"rendered":"https:\/\/tamoudahost.com\/welzijnzorgt\/?page_id=518"},"modified":"2025-04-03T14:22:23","modified_gmt":"2025-04-03T14:22:23","slug":"clientenraad","status":"publish","type":"page","link":"https:\/\/tamoudahost.com\/welzijnzorgt\/clientenraad\/","title":{"rendered":"Cli\u00ebntenraad"},"content":{"rendered":"\t\t<div data-elementor-type=\"wp-page\" data-elementor-id=\"518\" class=\"elementor elementor-518\" data-elementor-post-type=\"page\">\n\t\t\t\t<div class=\"elementor-element elementor-element-9b85dd4 e-flex e-con-boxed e-con e-parent\" data-id=\"9b85dd4\" data-element_type=\"container\">\n\t\t\t\t\t<div class=\"e-con-inner\">\n\t\t<div class=\"elementor-element elementor-element-fba3ac8 e-con-full e-flex e-con e-child\" data-id=\"fba3ac8\" data-element_type=\"container\">\n\t\t\t\t<div class=\"elementor-element elementor-element-6a4a1ce elementor-widget elementor-widget-heading\" data-id=\"6a4a1ce\" data-element_type=\"widget\" data-widget_type=\"heading.default\">\n\t\t\t\t<div class=\"elementor-widget-container\">\n\t\t\t\t\t<h2 class=\"elementor-heading-title elementor-size-default\">Cli\u00ebntenraad<\/h2>\t\t\t\t<\/div>\n\t\t\t\t<\/div>\n\t\t\t\t<\/div>\n\t\t\t\t\t<\/div>\n\t\t\t\t<\/div>\n\t\t<div class=\"elementor-element elementor-element-2cf38dd e-con-full e-flex e-con e-parent\" data-id=\"2cf38dd\" data-element_type=\"container\">\n\t\t<div class=\"elementor-element elementor-element-1cc9d5f e-con-full e-flex e-con e-child\" data-id=\"1cc9d5f\" data-element_type=\"container\">\n\t\t<div class=\"elementor-element elementor-element-c35e15a e-con-full e-flex e-con e-child\" data-id=\"c35e15a\" data-element_type=\"container\">\n\t\t\t\t<div class=\"elementor-element elementor-element-b76b276 elementor-widget elementor-widget-heading\" data-id=\"b76b276\" data-element_type=\"widget\" data-widget_type=\"heading.default\">\n\t\t\t\t<div class=\"elementor-widget-container\">\n\t\t\t\t\t<h3 class=\"elementor-heading-title elementor-size-default\">Wat is een clientenraad?<\/h3>\t\t\t\t<\/div>\n\t\t\t\t<\/div>\n\t\t\t\t<div class=\"elementor-element elementor-element-1b761ce elementor-widget elementor-widget-text-editor\" data-id=\"1b761ce\" data-element_type=\"widget\" data-widget_type=\"text-editor.default\">\n\t\t\t\t<div class=\"elementor-widget-container\">\n\t\t\t\t\t\t\t\t\t<p data-pm-slice=\"1 1 []\">Vanaf<strong> februari 2025<\/strong> heeft Welzijn Zorgt een offici\u00eble cli\u00ebntenraad, conform de <strong>Wet medezeggenschap cli\u00ebnten zorginstellingen (WMCZ 2018)<\/strong>. Deze wet legt de verantwoordelijkheden en verplichtingen vast voor zowel de cli\u00ebntenraad als de directie van zorginstellingen.<\/p><p>De cli\u00ebntenraad van Welzijn Zorgt vertegenwoordigt de belangen van cli\u00ebnten en draagt bij aan de kwaliteit van zorg en begeleiding. De raad bestaat idealiter uit <strong>vijf leden<\/strong>: cli\u00ebnten en\/of familieleden van cli\u00ebnten. Hierdoor wordt de stem van de cli\u00ebnt gehoord en meegenomen in<\/p>\t\t\t\t\t\t\t\t<\/div>\n\t\t\t\t<\/div>\n\t\t\t\t<\/div>\n\t\t\t\t<\/div>\n\t\t<div class=\"elementor-element elementor-element-efaca72 e-con-full e-flex e-con e-child\" data-id=\"efaca72\" data-element_type=\"container\" data-settings=\"{&quot;background_background&quot;:&quot;classic&quot;}\">\n\t\t\t\t<\/div>\n\t\t\t\t<\/div>\n\t\t<div class=\"elementor-element elementor-element-2fd723b e-con-full e-flex e-con e-parent\" data-id=\"2fd723b\" data-element_type=\"container\">\n\t\t<div class=\"elementor-element elementor-element-e5c2eb0 e-con-full e-flex e-con e-child\" data-id=\"e5c2eb0\" data-element_type=\"container\" data-settings=\"{&quot;background_background&quot;:&quot;classic&quot;}\">\n\t\t\t\t<\/div>\n\t\t<div class=\"elementor-element elementor-element-6054a56 e-con-full e-flex e-con e-child\" data-id=\"6054a56\" data-element_type=\"container\">\n\t\t<div class=\"elementor-element elementor-element-e1b0b25 e-con-full e-flex e-con e-child\" data-id=\"e1b0b25\" data-element_type=\"container\">\n\t\t\t\t<div class=\"elementor-element elementor-element-102949f elementor-widget elementor-widget-heading\" data-id=\"102949f\" data-element_type=\"widget\" data-widget_type=\"heading.default\">\n\t\t\t\t<div class=\"elementor-widget-container\">\n\t\t\t\t\t<h3 class=\"elementor-heading-title elementor-size-default\">Wat doet de cli\u00ebntenraad?<\/h3>\t\t\t\t<\/div>\n\t\t\t\t<\/div>\n\t\t\t\t<div class=\"elementor-element elementor-element-f800c0d elementor-widget elementor-widget-text-editor\" data-id=\"f800c0d\" data-element_type=\"widget\" data-widget_type=\"text-editor.default\">\n\t\t\t\t<div class=\"elementor-widget-container\">\n\t\t\t\t\t\t\t\t\t<p>beslissingen binnen de organisatie.<\/p><ul data-spread=\"false\"><li><p>Behartigt de belangen van cli\u00ebnten en geeft hen een stem in de organisatie.<\/p><\/li><li><p>Draagt bij aan de verbetering van de zorg- en begeleidingskwaliteit.<\/p><\/li><li><p>Adviseert de directie over belangrijke beslissingen die cli\u00ebnten raken.<\/p><\/li><li><p>Signaleert aandachtspunten op basis van ervaringen en wensen van cli\u00ebnten.<\/p><\/li><li><p>Houdt laagdrempelig contact met cli\u00ebnten en hun familieleden.<\/p><\/li><\/ul>\t\t\t\t\t\t\t\t<\/div>\n\t\t\t\t<\/div>\n\t\t\t\t<\/div>\n\t\t\t\t<\/div>\n\t\t\t\t<\/div>\n\t\t<div class=\"elementor-element elementor-element-3f9bae2 e-con-full e-flex e-con e-parent\" data-id=\"3f9bae2\" data-element_type=\"container\">\n\t\t<div class=\"elementor-element elementor-element-2e4b5b0 e-con-full e-flex e-con e-child\" data-id=\"2e4b5b0\" data-element_type=\"container\">\n\t\t<div class=\"elementor-element elementor-element-f2deabb e-con-full e-flex e-con e-child\" data-id=\"f2deabb\" data-element_type=\"container\">\n\t\t\t\t<div class=\"elementor-element elementor-element-1954faf elementor-widget elementor-widget-heading\" data-id=\"1954faf\" data-element_type=\"widget\" data-widget_type=\"heading.default\">\n\t\t\t\t<div class=\"elementor-widget-container\">\n\t\t\t\t\t<h3 class=\"elementor-heading-title elementor-size-default\">Toegankelijkheid en contact<\/h3>\t\t\t\t<\/div>\n\t\t\t\t<\/div>\n\t\t\t\t<div class=\"elementor-element elementor-element-077c6d6 elementor-widget elementor-widget-text-editor\" data-id=\"077c6d6\" data-element_type=\"widget\" data-widget_type=\"text-editor.default\">\n\t\t\t\t<div class=\"elementor-widget-container\">\n\t\t\t\t\t\t\t\t\t<p>e cli\u00ebntenraad streeft naar een open en toegankelijke werkwijze. Cli\u00ebnten kunnen hun idee\u00ebn, vragen en ervaringen delen via directe gesprekken met de leden van de raad of via de digitale\u00a0idee\u00ebnbus; de cli\u00ebntenraad is per e-mail bereikbaar voor vragen en suggesties. De huidige cli\u00ebntenraad bestaat uit dh. Aarts, mevr. Bhikari en dhr. Grabib.<\/p>\t\t\t\t\t\t\t\t<\/div>\n\t\t\t\t<\/div>\n\t\t\t\t<div class=\"elementor-element elementor-element-1ac5e8f elementor-icon-list--layout-traditional elementor-list-item-link-full_width elementor-widget elementor-widget-icon-list\" data-id=\"1ac5e8f\" data-element_type=\"widget\" data-widget_type=\"icon-list.default\">\n\t\t\t\t<div class=\"elementor-widget-container\">\n\t\t\t\t\t\t\t<ul class=\"elementor-icon-list-items\">\n\t\t\t\t\t\t\t<li class=\"elementor-icon-list-item\">\n\t\t\t\t\t\t\t\t\t\t\t<a href=\"mailto:li\u00ebntenraad@welzijnzorgt.nl\">\n\n\t\t\t\t\t\t\t\t\t\t\t\t<span class=\"elementor-icon-list-icon\">\n\t\t\t\t\t\t\t<svg aria-hidden=\"true\" class=\"e-font-icon-svg e-far-envelope-open\" viewBox=\"0 0 512 512\" xmlns=\"http:\/\/www.w3.org\/2000\/svg\"><path d=\"M494.586 164.516c-4.697-3.883-111.723-89.95-135.251-108.657C337.231 38.191 299.437 0 256 0c-43.205 0-80.636 37.717-103.335 55.859-24.463 19.45-131.07 105.195-135.15 108.549A48.004 48.004 0 0 0 0 201.485V464c0 26.51 21.49 48 48 48h416c26.51 0 48-21.49 48-48V201.509a48 48 0 0 0-17.414-36.993zM464 458a6 6 0 0 1-6 6H54a6 6 0 0 1-6-6V204.347c0-1.813.816-3.526 2.226-4.665 15.87-12.814 108.793-87.554 132.364-106.293C200.755 78.88 232.398 48 256 48c23.693 0 55.857 31.369 73.41 45.389 23.573 18.741 116.503 93.493 132.366 106.316a5.99 5.99 0 0 1 2.224 4.663V458zm-31.991-187.704c4.249 5.159 3.465 12.795-1.745 16.981-28.975 23.283-59.274 47.597-70.929 56.863C336.636 362.283 299.205 400 256 400c-43.452 0-81.287-38.237-103.335-55.86-11.279-8.967-41.744-33.413-70.927-56.865-5.21-4.187-5.993-11.822-1.745-16.981l15.258-18.528c4.178-5.073 11.657-5.843 16.779-1.726 28.618 23.001 58.566 47.035 70.56 56.571C200.143 320.631 232.307 352 256 352c23.602 0 55.246-30.88 73.41-45.389 11.994-9.535 41.944-33.57 70.563-56.568 5.122-4.116 12.601-3.346 16.778 1.727l15.258 18.526z\"><\/path><\/svg>\t\t\t\t\t\t<\/span>\n\t\t\t\t\t\t\t\t\t\t<span class=\"elementor-icon-list-text\">li\u00ebntenraad@welzijnzorgt.nl<\/span>\n\t\t\t\t\t\t\t\t\t\t\t<\/a>\n\t\t\t\t\t\t\t\t\t<\/li>\n\t\t\t\t\t\t<\/ul>\n\t\t\t\t\t\t<\/div>\n\t\t\t\t<\/div>\n\t\t\t\t<div class=\"elementor-element elementor-element-4e04b5d elementor-widget elementor-widget-text-editor\" data-id=\"4e04b5d\" data-element_type=\"widget\" data-widget_type=\"text-editor.default\">\n\t\t\t\t<div class=\"elementor-widget-container\">\n\t\t\t\t\t\t\t\t\t<p>Wij kijken uit naar een vruchtbare samenwerking met cli\u00ebnten, familieleden en de directie van Welzijn Zorgt, met als doel een veilige, respectvolle en kwalitatief hoogwaardige zorgomgeving te waarborgen.\u00a0<\/p>\t\t\t\t\t\t\t\t<\/div>\n\t\t\t\t<\/div>\n\t\t\t\t<\/div>\n\t\t\t\t<\/div>\n\t\t<div class=\"elementor-element elementor-element-7e08347 e-con-full e-flex e-con e-child\" data-id=\"7e08347\" data-element_type=\"container\" data-settings=\"{&quot;background_background&quot;:&quot;classic&quot;}\">\n\t\t\t\t<\/div>\n\t\t\t\t<\/div>\n\t\t\t\t<\/div>\n\t\t","protected":false},"excerpt":{"rendered":"<p>Cli\u00ebntenraad Wat is een clientenraad? Vanaf februari 2025 heeft Welzijn Zorgt een offici\u00eble cli\u00ebntenraad, conform de Wet medezeggenschap cli\u00ebnten zorginstellingen (WMCZ 2018). Deze wet legt de verantwoordelijkheden en verplichtingen vast voor zowel de cli\u00ebntenraad als de directie van zorginstellingen. De cli\u00ebntenraad van Welzijn Zorgt vertegenwoordigt de belangen van cli\u00ebnten en draagt bij aan de kwaliteit &#8230; <a title=\"Cli\u00ebntenraad\" class=\"read-more\" href=\"https:\/\/tamoudahost.com\/welzijnzorgt\/clientenraad\/\" aria-label=\"Read more about Cli\u00ebntenraad\">Read more<\/a><\/p>\n","protected":false},"author":1,"featured_media":0,"parent":0,"menu_order":0,"comment_status":"closed","ping_status":"closed","template":"","meta":{"footnotes":""},"class_list":["post-518","page","type-page","status-publish"],"_links":{"self":[{"href":"https:\/\/tamoudahost.com\/welzijnzorgt\/wp-json\/wp\/v2\/pages\/518","targetHints":{"allow":["GET"]}}],"collection":[{"href":"https:\/\/tamoudahost.com\/welzijnzorgt\/wp-json\/wp\/v2\/pages"}],"about":[{"href":"https:\/\/tamoudahost.com\/welzijnzorgt\/wp-json\/wp\/v2\/types\/page"}],"author":[{"embeddable":true,"href":"https:\/\/tamoudahost.com\/welzijnzorgt\/wp-json\/wp\/v2\/users\/1"}],"replies":[{"embeddable":true,"href":"https:\/\/tamoudahost.com\/welzijnzorgt\/wp-json\/wp\/v2\/comments?post=518"}],"version-history":[{"count":19,"href":"https:\/\/tamoudahost.com\/welzijnzorgt\/wp-json\/wp\/v2\/pages\/518\/revisions"}],"predecessor-version":[{"id":659,"href":"https:\/\/tamoudahost.com\/welzijnzorgt\/wp-json\/wp\/v2\/pages\/518\/revisions\/659"}],"wp:attachment":[{"href":"https:\/\/tamoudahost.com\/welzijnzorgt\/wp-json\/wp\/v2\/media?parent=518"}],"curies":[{"name":"wp","href":"https:\/\/api.w.org\/{rel}","templated":true}]}}